w**6/360 + w**5/120 + w**4/3 + 4*w**3/3 + 8*w - 7. Let n(d) be the third derivative of j(d). Give n(0).
8
Suppose 2*u = -5*i + 11 + 33, 6 = i - u. Suppose -4*l - 5*z - 10 = 0, l + i = -l - z. Let j(r) = 2*r**2 + 4*r - 4. Give j(l).
26
Let h(j) = -5 - 6*j - 1 - 1. Let w(n) = -5*n - 7. Let z(p) = p**3 - 6*p**2 - 13*p - 19. Let l be z(8). Let i(v) = l*w(v) - 4*h(v). Determine i(-4).
-3
Let n(b) = 23*b**2 + 84*b + 20. Let z(a) = -4*a**2 - 17*a - 4. Let u(g) = -2*n(g) - 11*z(g). What is u(10)?
-6
Let p be (1 + -3)*3/6. Let k = 48 + -44. Let j(n) = -6 - k*n**2 + 3*n**2 + 7. What is j(p)?
0
Let d(c) = c**3 + 6*c**2 + 2*c + 9. Suppose 5*q = -3*j + 68, 0 = -0*j - j + 4*q. Suppose -7*v + j = -3*v. Let u be (4/5)/(v/(-30)). Calculate d(u).
-3
Let p(a) be the first derivative of -a**4/4 + 2*a**3 + 4*a**2 - 8*a + 62. Calculate p(7).
-1
Suppose 3 = 3*y - 6. Let a(h) be the second derivative of -h**6/180 + h**5/40 - 5*h**4/6 - 24*h. Let o(v) be the third derivative of a(v). What is o(y)?
-9
Let j(z) be the second derivative of -13*z - 7*z**2 - 1/6*z**3 + 0. Give j(0).
-14
Let c = 179 - 176. Let g(f) be the first derivative of -1/2*f**2 + 3*f + 4 + 1/3*f**c. Determine g(0).
3
Let s be -2 + (24 + -1)/1. Suppose 0*z + 3*d - 2 = -z, -d - s = -4*z. Suppose z*w - 7 = 4*o + 5, -6 = w + 2*o. Let r(k) = k**2 + 8. Calculate r(w).
8
Let b(j) be the first derivative of j**2/2 + 14*j - 12. Let a be -2 - (-2 + 1 + -1). Calculate b(a).
14
Let s(v) = -4*v**2 + 2*v + 1. Suppose -6*x + 7*x = 5. Suppose 13 = -8*i - x*i. Calculate s(i).
-5
Let q be -1 - 0 - (-1 - -1). Let c be (-4 + 2)*(q + 4). Let z(h) = -88*h + 1 + 10 - 4 + 90*h. Give z(c).
-5
Let f(t) = -t - 3. Let y(z) = z**3 + 6*z**2 - 13*z + 19*z - z**2 + 5. Let n be y(-3). Suppose -2*a - 15 = 5*k + 6, k + 18 = -n*a. Determine f(a).
0
Suppose -1 = 3*g + a - 9, -g = -4*a - 7. Let b(x) = -2*x**2 + 4*x + 1. Determine b(g).
-5
Let q(x) = -2*x**3 - 4*x**2 - 2*x + 1. Let g(c) = 5*c + 11. Let o(b) = -4*b - 9. Let f(n) = -5*g(n) - 6*o(n). Suppose 0 = 4*i - 5 + 1. Let r be f(i). Give q(r).
5
Let k(o) = o**2 - 6*o - 2. Let r be 4/6 - 490/(-21). Let l = 29 - r. Determine k(l).
-7
Let q(x) = -95*x + 2. Let n be q(-1). Let t(u) = -n*u - 6*u**2 - u**2 - 1 + 99*u. Determine t(1).
-6
Let d(v) = -v**3 - 7*v**2 - v + 6. Suppose 3*s = -3*q - 27, -7*s + 9*s = 3*q + 12. Calculate d(q).
-24
Let l(w) = w - 1. Let d(f) = 4*f. Let z be d(-2). Let t(b) = b + 5. Let x be t(z). Let i(p) = -p**3 - 2*p**2 + 4*p + 4. Let g be i(x). What is l(g)?
0
Let k(t) = 2*t**3 + 6*t. Let z(f) = -3*f**3 + f**2 - 12*f - 1. Let d(b) = -5*k(b) - 3*z(b). Give d(-4).
-5
Let s(q) = q**2 + 8 - 5*q - 2*q**2 + 8 + 16 - 27. What is s(-6)?
-1
Suppose -5*f - 2*x = 33, 3*f - 2*f - 3*x = 7. Let n(d) be the second derivative of -d**5/20 - 5*d**4/12 + d**3/6 - 7*d**2/2 - 620*d. What is n(f)?
-12
Suppose -27 = 34*w - 7*w. Let n(p) = -13*p**3 + 3*p + 2. Give n(w).
12
Let c(q) = -q**2 - 2 - 462*q + 235*q + 2*q**2 + 231*q. Give c(-6).
10
Let q(b) = 7*b**3 - 9*b**2 - 5*b + 7. Let w(m) = 8*m**3 - 10*m**2 - 5*m + 8. Let s(i) = 7*q(i) - 6*w(i). Let d be (8/(-5))/((-68)/170). What is s(d)?
-3
Let y(x) be the third derivative of -x**4/6 + 7*x**3/6 + x**2. Suppose -5*r + 586 = 5*r + 556. Calculate y(r).
-5
Let f(v) be the third derivative of -v**6/40 + v**5/60 - v**4/12 - v**3/3 + 2*v**2 + 323*v. What is f(-1)?
4
Let w(y) = -8*y - 1. Let m(j) = -12*j - 2. Let o(x) = -5*m(x) + 7*w(x). Calculate o(5).
23
Let o(p) = p**2 - 2*p. Let v(z) = -1. Let f(s) = -s**2 - 11*s - 1. Let r be f(-11). Let g(y) = r*o(y) - 3*v(y). Determine g(3).
0
Suppose -2*l - 16 = 2*l. Let c be (28/6)/(10/(-15)). Let h(d) = -5*d**3 - 5*d - 1. Let j(i) = -9*i**3 - i**2 - 9*i - 3. Let u(x) = c*h(x) + 4*j(x). Give u(l).
-1
Suppose -5*l = -0*b - 2*b + 21, 0 = 3*b - 9. Let s be (l - -6)/((-12)/(-64)). Let u(i) = s*i**2 + 4 + 2 - 5 - 14*i**2. What is u(-1)?
3
Suppose 3*h = -2*p - 0*p + 45, -4*h = -4*p - 60. Suppose h = 5*m + 5. Let s(z) = 3*z**2 + 9 + z**2 - 3*z**m + 6*z. Determine s(-6).
9
Let t(a) = -a**2 + 6*a + 6. Let f = -1239 + 1248. What is t(f)?
-21
Let a(f) = -f + 1. Suppose 0 = -3*b + 126 - 144. Let y(m) = m**3 + 5*m**2 - m + 31. Let s be y(b). Give a(s).
0
Suppose 2*w - s + 1 - 3 = 0, 0 = -w + 3*s - 4. Let g(a) = 4*a**2 + 26*a - 3 - a**w - 29*a. Suppose 0 = 4*l - 11 - 1. What is g(l)?
15
Suppose -k = 2*k + 15, 4*r - 4*k = 28. Suppose -2*z - 4*g = 6, 5 = z - 0*z - r*g. Let s(n) = 2*n - 5*n**3 - 1 + n**3 - n**3. Determine s(z).
-4
Suppose -791 + 770 = -7*j. Suppose 0 = -q + 6*q - 10. Let p(r) = -2*r**q + r**2 + 2*r**2 - 2*r - 2. Determine p(j).
1
Let k(w) = -11*w**2 - 13*w + 11. Let j(u) = -5*u**2 - 6*u + 4. Let g(a) = 5*j(a) - 2*k(a). Suppose -3*f - 15 = 2*f. What is g(f)?
-17
Suppose 3*v + 16 = 1. Let t be 32/v + 26/65. Let y = 4 + t. Let i(w) = -w - 2. Give i(y).
0
Let x(u) = u**2 - 7*u + 5. Let q(m) = -10*m + 4. Let v be q(-2). Let h be ((-3)/(-9))/((-4)/(-72)). Suppose 0*n - 3*n = -3*k - v, 0 = -3*k - h. Calculate x(n).
-1
Suppose 73 + 2 = 5*i. Suppose g + i = -4*g. Let f(y) be the third derivative of -y**6/120 - y**5/15 - y**4/8 + 2*y**3/3 + 2*y**2. What is f(g)?
4
Let c(t) = 2*t - t**2 - 3*t + 5 - 5*t. Let s(a) = -a**3 + 11*a**2 - 24*a - 6. Let u be s(8). Give c(u).
5
Let w(j) = j. Let h(z) = -z**2 + 3*z + 8. Let r(n) = -h(n) - 5*w(n). Give r(7).
-15
Let m(u) be the third derivative of -1/24*u**4 + 0*u - 12*u**2 + 0 + 25/6*u**3. What is m(0)?
25
Let m(q) = -11*q - q**3 - 57 + 6*q**2 + 16 + 18 + 17 + 8*q. Suppose -3*f + 25 = 2*f. Give m(f).
4
Let q(i) be the first derivative of i**4/4 - i**3 + 3*i**2/2 - i + 264. What is q(1)?
0
Let p be (-4)/(-3) + 2/3. Let j(b) be the second derivative of b**6/360 + b**4/12 + 2*b**3 - 3*b. Let t(s) be the second derivative of j(s). Give t(p).
6
Let g = 57 + -50. Let a(o) = o**2 - 10*o + 8. Give a(g).
-13
Let l(k) = k**2 - 8*k + 10. Let n be (-76)/8*(-2)/1. Suppose j - n = -11. Determine l(j).
10
Let r(w) = w**2 - 7*w - 2. Let u be r(7). Let g(s) = s**3 + 3*s**2 + 3*s + 3. Let m be g(u). Let j(h) = -16*h - 1. Determine j(m).
-17
Let v(j) = 30*j - 2113*j**2 - 5 + 2112*j**2 - 31*j. Calculate v(-7).
-47
Let g(w) be the first derivative of w**3/3 + 5*w**2 + 5*w + 1. Let i be g(-10). Let q(j) = 6*j - j + j**2 + 5 - i - 5. What is q(-5)?
-5
Let x(n) = -2*n**2 + 3*n - 2. Suppose 0 = -3*i + 6*i - 12. Let k(m) = 6*m**2 - 8*m + 5. Let v(l) = i*k(l) + 11*x(l). Let d = -3 + 1. Determine v(d).
4
Let j(r) = -44*r + 1082. Let z be j(25). Let a(p) = -p**2 - 18*p - 1. What is a(z)?
-1
Let k(y) be the second derivative of -y**6/120 - y**5/15 - y**4/6 - 2*y**3/3 + 9*y**2 - 9*y. Let i(w) be the first derivative of k(w). Calculate i(-4).
12
Let w(c) = c**2 + 10*c + 4. Suppose 246 = -65*g - 339. What is w(g)?
-5
Let p(f) = -f + 1. Let s be p(4). Let j be 1/(1/(-4)*-2). Let o(a) = 1 + j + 4 + a. Determine o(s).
4
Let s = -6 - -8. Suppose -5*r - 10 = 0, v - 4*r - s = -2*r. Let m(a) = 15*a + 2*a + 0*a**3 - 4*a**2 + 1 - 2*a**3 - 19*a. Give m(v).
5
Let l(g) = 46*g**3 + 42*g**3 + 7*g**2 - 89*g**3 + 3*g. Give l(7).
21
Suppose -5*y + 70 = -s, 5*y - 2*s = 92 - 22. Let p(k) = k - 25. Give p(y).
-11
Let m = 39 + -14. Suppose -m + 7 = 3*j. Let n(k) = -k**3 - 7*k**2 - 6*k - 2. Determine n(j).
-2
Let q(m) = 2*m - 5. Let a be (((-20)/(-8))/5)/(8/(-96)). Calculate q(a).
-17
Let q(h) = -2*h - 112*h**3 - 5 + 6*h**2 + 111*h**3 - h. Let t = -8 + 11. Suppose -10 = p - t*p. Determine q(p).
5
Suppose 9*r + 5 = 4*r. Let n(c) = 11*c**3 - 2*c**2 - c. Determine n(r).
-12
Suppose 4*l - 397 = -m - 385, 4*l = 24. Let i(u) be the third derivative of u**4/24 + 8*u**3/3 - u**2. Calculate i(m).
4
Let k(n) = n**2 - 3*n - 6. Let j(x) = x - 1. Let r(t) = 2*j(t) - k(t). Give r(6).
-2
Let n(h) = -h**2 - h. Let t be (-19)/5 - 60/(-75). Let d be t/(-5) - (-6)/(-10). What is n(d)?
0
Suppose 5*a + 41 = 31. Let k(p) be the second derivative of p**4/12 + p**3/3 + p**2 + 3*p. Calculate k(a).
2
Let g(z) be the first derivative of -4*z**3 - 19 - z - 11/2*z**2 - 1/4*z**4. Calculate g(-11).
-1
Let i(l) = -46*l**2 - 185*l + 1. Let v be i(-4). Let a(s) = 8*s - 32. Give a(v).
8
Let k(b) be the first derivative of b**4/4 + 8*b**3/3 - 9*b**2/2 + 9*b - 64. Give k(-9).
9
Let z(k) = -k**3 - 11*k**2 + 4*k - 13. Suppose 2*g = 2*b + 24, -4*b - 24*g - 40 = 